vative of q(b). Give p(-5).
-8
Suppose 4*k = -0*u + 3*u - 3, 2*u - 4*k = -2. Suppose 4 = u*x + 24. Let p(q) = -q - 1. Let w(j) = -j**2 - 9*j - 10. Let o(f) = -5*p(f) + w(f). Give o(x).
-5
Suppose -d + 7 = 2. Suppose 25 = d*x - 0*x. Let j(m) = 4 - 3*m**3 + m**3 - 6*m**2 + 5*m + 3*m**3. Determine j(x).
4
Suppose 5*b - 6 = 4. Let x(m) = 2*m + m**2 - m + b*m - 7. Suppose -5*r + 0*r = 25. What is x(r)?
3
Let c(z) = -10*z - 2. Let h(r) = 5*r + 1. Let b(n) = 4*c(n) + 9*h(n). Suppose o - 3*o - 4*f - 20 = 0, -3*f - 16 = 2*o. Calculate b(o).
-9
Suppose 0*f + 25 = 5*j - 2*f, 4*j - 4*f = 32. Let a(n) = -n - 1 - 3*n - n + j*n. What is a(2)?
-5
Let i(n) = -5*n**3 - 6*n - 8. Let v(d) = -4*d**3 - 5*d - 7. Let m = -1 - -6. Let x = m + -10. Let h(w) = x*i(w) + 6*v(w). Give h(0).
-2
Let h(q) be the second derivative of 1/6*q**4 + 1/6*q**3 + q + q**2 + 0. Let m(j) be the first derivative of h(j). What is m(-1)?
-3
Let x(v) = -v**2 - 2*v + 4. Suppose -3*c + 3*u = 57, -4*c + 4*u - 82 = 2*u. Let z be c/3 - (-3)/9. Let o = z + 3. Calculate x(o).
-4
Suppose 0*g + 4*g = 0. Let u(z) = -2*z + z + g + 7. What is u(4)?
3
Let x(b) = -18 + b + 9 + 8 + 4*b. Give x(-1).
-6
Let x be ((-4)/(-6)*-3)/2. Let d = x + -1. Let h(l) = -2*l**2 - 3*l - 3. Calculate h(d).
-5
Let k(u) = -2*u**2 - 4*u + 4. Let j = -12 + 17. Suppose 4*z - x + 10 = -3*x, 5*z + 5 = -j*x. Let q be 44/(-10) + z/(-10). Determine k(q).
-12
Let z(g) = 5 + 1 + g - 1. Suppose r = 2*m, -2*r = r. What is z(m)?
5
Let t(y) = -y**3 + 5*y**2 - 3*y - 2. Let q = -37 - -40. Calculate t(q).
7
Let y = -6 + 4. Let j(s) = 2*s**2 - 5*s - 9. Let r(m) = m**2 - 2*m - 4. Suppose -i = -6*i + 45. Let a(q) = i*r(q) - 4*j(q). What is a(y)?
0
Suppose -3*l = -4*x + 29, 0*x + 2*x - 1 = -3*l. Let u(q) = q**3 + 3*q**2 - 4*q - 3. Give u(l).
9
Let f(a) be the third derivative of -a**7/2520 - a**6/360 + a**5/12 - 8*a**2. Let i(m) be the third derivative of f(m). Calculate i(3).
-8
Let w(j) = 7*j + 13 - 5*j**2 - 4 + 0*j**2. Let s(f) = 6*f**2 - 8*f - 10. Let n(c) = 6*s(c) + 7*w(c). Determine n(0).
3
Let q be -1*3/9*-12. Let d(m) = q*m**2 - 12 + 17 + 4*m - 3*m**2. What is d(-4)?
5
Let x(i) = -i**3 + 4*i**2 - 4*i - 1. Suppose -b = -5*l - 29, 0 = -4*b - 3*l - l - 4. Give x(b).
-17
Let w(o) be the first derivative of -o**2/2 + 3*o - 26. Give w(-3).
6
Suppose 0 = 7*z - 4*z - 12. Let c(r) = -r**2 + 2*r + 3. Determine c(z).
-5
Let t(h) = 4*h**2 - 2*h + 1. Let b(q) = -4*q**2 + 2*q - 2. Let k(r) = 2*b(r) + 3*t(r). Let s be (-3)/(-2 - 3/(-6)). Suppose -5*j + 3*j = s. What is k(j)?
5
Let z(h) = -9*h + 5. Suppose 0 = -3*y + 106 - 7. Let q be (1 - 2)/((-3)/y). Let x(c) = -27*c + 14. Let j(n) = q*z(n) - 4*x(n). Determine j(-1).
-10
Suppose 2*z = 3*d - 2*z - 32, -d = -z - 9. Let r(l) = -l**3 + 5*l**2 - 4*l + 3. Give r(d).
3
Let h be 1/(-1*(-1)/2). Let l be (12/16)/((-1)/(-4)). Let r be l + (h - 1)*-1. Let b(y) = 3*y + 1. Calculate b(r).
7
Suppose -2*q + a = 19, 2*q - 3*a = -3*q - 45. Let g be ((-3)/2)/(q/16). Let z(d) = 2*d - 3. Determine z(g).
1
Let v(a) be the second derivative of -a**6/120 + a**5/10 - a**4/24 + 7*a**3/6 - a**2 - 2*a. Let u(b) be the first derivative of v(b). What is u(6)?
1
Let f(j) = -j**2 - 11*j. Suppose -114 + 169 = -5*k. Give f(k).
0
Let y(h) = h**2 - 3*h. Let j be 3 + -21*1*-1. Let k be j/6 - -2*1. Let i(t) = t**2 - 3*t. Let g(o) = k*i(o) - 5*y(o). Determine g(4).
4
Let o(g) be the second derivative of g**5/20 + g**4/6 + 3*g**2/2 - 8*g. What is o(-3)?
-6
Let d(z) = z**2 - 2*z - 2. Let y be (-3)/(-5)*(-1 - -6). Give d(y).
1
Let k(r) = r**3 - 3*r**2 + r + 3. Suppose 0 = 3*v - v + 8. Let w be v + (-4)/(-1) + 3. Give k(w).
6
Let y(q) be the second derivative of q**6/720 + q**5/120 - q**4/12 + 3*q. Let b(s) be the third derivative of y(s). Give b(5).
6
Let m(q) = q**3 + 3*q**2 - q + 3. Let l(a) = 3*a**3 + 3*a**2 + 5*a - 2. Let d(b) = -b**3 + b**2 + 1. Let s(i) = 2*d(i) + l(i). Let j be s(-4). Calculate m(j).
-9
Suppose 0*z - 5*z = -20. Let u = 4 - 1. Let n(x) = 4*x + z - 14 - u*x. Calculate n(5).
-5
Suppose 2*o = -1 - 1. Let x be 1*(o - -2 - -1). Let k be x + (-5)/(15/18). Let b(f) = 3*f + 5. Calculate b(k).
-7
Let j(m) be the first derivative of m**4/4 + 4*m**3/3 - 7*m**2/2 - 5*m + 17. Suppose -3 = 5*b + 22. What is j(b)?
5
Let n(f) = -f + 8. Let k be n(6). Let l = k + 3. Let b(h) = h**3 - 6*h**2 + 8*h - 7. Determine b(l).
8
Suppose 5*h - 68 = -2*t - 16, 0 = 2*h + 5*t - 4. Suppose -d = 2*c + 3*d - h, -c = -d - 3. Let j(r) = -c*r - r + r. Calculate j(-1).
4
Let v(k) be the first derivative of -k**4/4 - k**3/3 + k**2 + k - 22. Calculate v(-2).
1
Let b = 7 + -7. Suppose 2*n + 3*l - 14 = b, 2*l - 2 = 2. Suppose s - 3 = 0, -n*q - 31 = -8*s + 3*s. Let r(i) = -i**3 - 4*i**2 - 2*i - 4. What is r(q)?
4
Let b(f) be the third derivative of f**6/120 - f**5/15 - 5*f**4/24 + 5*f**3/6 + 2*f**2. Suppose 24 = 9*v - 21. Determine b(v).
5
Let z(a) = -7*a**3 + 2*a**2 - 3*a + 4. Let j(p) = -13*p**3 + 4*p**2 - 5*p + 7. Let h(l) = -6*j(l) + 11*z(l). Determine h(3).
2
Let d = 133 + -131. Let g(w) = -2*w**2 + 2*w + 2. Determine g(d).
-2
Let n(w) = 5*w**3 + 15*w**2 + 20*w - 1. Let r(f) = -3*f**3 - 10*f**2 - 13*f + 1. Let g(c) = 5*n(c) + 8*r(c). What is g(6)?
15
Let y be (12/(-160))/(63/(-14)). Let r(z) be the third derivative of -1/3*z**3 - 3*z**2 + 0*z + 1/8*z**4 + 0 - y*z**5. Give r(3).
-2
Let a(y) = -y**3 - 6*y**2 + 7*y + 6. Let w(l) = -6*l**2 + 3*l + 3. Let c be w(-1). What is a(c)?
-36
Let a(j) be the second derivative of j**4/12 + 4*j**3/3 - j**2/2 + j. Let r(k) = -3*k + 81. Let u be r(29). Determine a(u).
-13
Let a(t) = t**3 - t**2 - t + 1. Let m be a(2). Let n(g) = 3 - 5 - 2*g + 1. What is n(m)?
-7
Let p(n) = n**3 + 7*n**2 - 2*n + 7. Let k(f) = -3*f**3 - 20*f**2 + 6*f - 20. Let w(c) = -4*k(c) - 11*p(c). What is w(-4)?
-5
Let r(u) = u + 2. Let a = 46 + -52. Determine r(a).
-4
Let y(q) be the third derivative of -q**8/6720 + q**7/504 - q**6/240 + q**5/30 + q**4/12 - 3*q**2. Let w(f) be the second derivative of y(f). Calculate w(4).
8
Let p(x) be the third derivative of -x**4/24 + x**3/6 - 2*x**2. What is p(-1)?
2
Let q(s) = -5*s**2 - 6*s + 2. Let l(w) = -7*w**2 - 6*w + 1. Let g(c) = 3*l(c) - 4*q(c). Determine g(6).
-5
Let l be (-14)/(-8) + 17/68. Let y(r) = 2*r**2 + r. Give y(l).
10
Let o(m) = -5*m**2 - 9*m - 4. Let k(t) = 4*t**2 + 8*t + 4. Let q(g) = -4*k(g) - 3*o(g). Calculate q(-6).
-10
Let f = 130 - 126. Let p(w) = -2*w**2 + w - 2. Calculate p(f).
-30
Let d(c) be the first derivative of c**3/3 - c + 1. Suppose 5*j - 2*o + 87 = -o, 2*o = -6. Let g be j/(-15)*5/2. Give d(g).
8
Let b(y) be the third derivative of -y**4/6 + y**3/3 - 3*y**2. Let a be (-3)/8 - 143/88. Determine b(a).
10
Let x(s) be the first derivative of -s**3/3 + 9*s**2/2 - 3*s - 3. Let z(k) = -4*k**2 + 28*k - 10. Let f(t) = -7*x(t) + 2*z(t). What is f(-6)?
7
Let i = -8 + 6. Let f(m) be the second derivative of -m**6/360 - m**5/60 - m**4/6 + 2*m. Let u(v) be the third derivative of f(v). Calculate u(i).
2
Suppose -5*a + 28 = m + 3, 4*m = -3*a + 15. Let u be a/(10/4) - 4. Let g be u/2*(-1 - -1). Let h(f) = f - 3. What is h(g)?
-3
Let q(w) = w**2 - 4*w. Let c be q(4). Suppose 0 = -x - c*x. Let y(v) = -v + 7. Give y(x).
7
Let j(f) = f**3 + 6*f**2 + 4*f - 4. Suppose -4*k + 11*k + 35 = 0. Give j(k).
1
Let b = -4/349 + 589/20940. Let h(n) be the third derivative of -1/12*n**4 + 1/3*n**3 + 2*n**2 + b*n**5 + 0*n + 0. Determine h(3).
5
Let a(g) = -2 - 1 - 15*g**3 + 16*g**3 + 6*g**2 - 2*g. Calculate a(-6).
9
Let r(w) be the second derivative of -2*w - 5/6*w**3 + 1/2*w**2 + 0. Let h be (-14)/(-10) + (-4)/10. What is r(h)?
-4
Let r(d) = 0 - d**2 + 0 - 5*d + 5. Suppose 0 = 3*p + 2*f + 5, 9 = -3*p + 2*f - 16. What is r(p)?
5
Let d = 17 - 12. Suppose -d*v + 6 = -9. Let z(t) = -5*t + 3. What is z(v)?
-12
Suppose 3*o = -5*k + 16, -3*o + k + 4 = -0*k. Suppose -2*s = -0*s + o. Let u(t) = -6*t**2 - 2*t + t - 2*t**2. What is u(s)?
-7
Suppose -5*s + 17 + 3 = 0. Let u(y) = -y - 4. Give u(s).
-8
Let r(u) = -u**2 - 2*u + 5. Let w(j) = 2*j**2 + 4*j - 11. Let g(h) = 9*r(h) + 4*w(h). Give g(-4).
-7
Let f(a) = 4*a - 3*a**2 + 0*a - 1 + 2*a**2. Suppose -3*x = 2*i - 7, 5*x + i = -4 + 25. What is f(x)?
-6
Let c(i) be the first derivative of -i**4/4 + 7*i**3/3 - 4*i**2 + i - 8. Give c(6).
-11
Let k = -64 - -53. Let c(d) = d